{"version":"1.0","provider_name":"ferd management &amp; consulting GmbH","provider_url":"https:\/\/www.ferdmc.com\/en","author_name":"Annika Tiedemann","author_url":"https:\/\/www.ferdmc.com\/en\/author\/annika-tiedemann\/","title":"(Deutsch) CeBIT 2014: Vollgas voraus mit ZUGFeRD - ferd management &amp; consulting GmbH","type":"rich","width":600,"height":338,"html":"<blockquote class=\"wp-embedded-content\" data-secret=\"ocwg2dDyht\"><a href=\"https:\/\/www.ferdmc.com\/en\/2014\/04\/01\/cebit-2014-vollgas-voraus-mit-zugferd\/\">(Deutsch) CeBIT 2014: Vollgas voraus mit ZUGFeRD<\/a><\/blockquote><iframe sandbox=\"allow-scripts\" security=\"restricted\" src=\"https:\/\/www.ferdmc.com\/en\/2014\/04\/01\/cebit-2014-vollgas-voraus-mit-zugferd\/embed\/#?secret=ocwg2dDyht\" width=\"600\" height=\"338\" title=\"&#8220;(Deutsch) CeBIT 2014: Vollgas voraus mit ZUGFeRD&#8221; &#8212; ferd management &amp; consulting GmbH\" data-secret=\"ocwg2dDyht\" frameborder=\"0\" marginwidth=\"0\" marginheight=\"0\" scrolling=\"no\" class=\"wp-embedded-content\"><\/iframe><script type=\"text\/javascript\">\n\/* <![CDATA[ *\/\n\/*! This file is auto-generated *\/\n!function(d,l){\"use strict\";l.querySelector&&d.addEventListener&&\"undefined\"!=typeof URL&&(d.wp=d.wp||{},d.wp.receiveEmbedMessage||(d.wp.receiveEmbedMessage=function(e){var t=e.data;if((t||t.secret||t.message||t.value)&&!\/[^a-zA-Z0-9]\/.test(t.secret)){for(var s,r,n,a=l.querySelectorAll('iframe[data-secret=\"'+t.secret+'\"]'),o=l.querySelectorAll('blockquote[data-secret=\"'+t.secret+'\"]'),c=new RegExp(\"^https?:$\",\"i\"),i=0;i<o.length;i++)o[i].style.display=\"none\";for(i=0;i<a.length;i++)s=a[i],e.source===s.contentWindow&&(s.removeAttribute(\"style\"),\"height\"===t.message?(1e3<(r=parseInt(t.value,10))?r=1e3:~~r<200&&(r=200),s.height=r):\"link\"===t.message&&(r=new URL(s.getAttribute(\"src\")),n=new URL(t.value),c.test(n.protocol))&&n.host===r.host&&l.activeElement===s&&(d.top.location.href=t.value))}},d.addEventListener(\"message\",d.wp.receiveEmbedMessage,!1),l.addEventListener(\"DOMContentLoaded\",function(){for(var e,t,s=l.querySelectorAll(\"iframe.wp-embedded-content\"),r=0;r<s.length;r++)(t=(e=s[r]).getAttribute(\"data-secret\"))||(t=Math.random().toString(36).substring(2,12),e.src+=\"#?secret=\"+t,e.setAttribute(\"data-secret\",t)),e.contentWindow.postMessage({message:\"ready\",secret:t},\"*\")},!1)))}(window,document);\n\/* ]]> *\/\n<\/script>\n","description":"(Deutsch) Erschienen in Ausgabe 2\/2014 AWV-Informationen  In der Mitglieder-Zeitschrift des AWV (Arbeitsgemeinschaft f\u00fcr wirtschaftliche Verwaltung e. V.) wurde \u00fcber drei von FeRD organisierte Fachforen zu den Themen elektronische Rechnung und ZUGFeRD berichtet. Zu den Referenten geh\u00f6rten unter anderem auch Stefan Engel-Flechsig, Leiter von FeRD und Gesch\u00e4ftsf\u00fchrer von ferdmc sowie Andreas Pelekies Chief Technology Officer von ferdmc und Leiter des FeRD-Arbeitskreises \u201eTechnische Standards und ZUGFeRD\u201c."}

(Deutsch) Erschienen in Ausgabe 2/2014 AWV-Informationen  In der Mitglieder-Zeitschrift des AWV (Arbeitsgemeinschaft für wirtschaftliche Verwaltung e. V.) wurde über drei von FeRD organisierte Fachforen zu den Themen elektronische Rechnung und ZUGFeRD berichtet. Zu den Referenten gehörten unter anderem auch Stefan Engel-Flechsig, Leiter von FeRD und Geschäftsführer von ferdmc sowie Andreas Pelekies Chief Technology Officer von ferdmc und Leiter des FeRD-Arbeitskreises „Technische Standards und ZUGFeRD“.
